{"id":39,"date":"2025-09-05T03:22:19","date_gmt":"2025-09-05T03:22:19","guid":{"rendered":"https:\/\/radioamigosecuador.com\/RAR\/about\/"},"modified":"2025-09-06T02:56:05","modified_gmt":"2025-09-06T02:56:05","slug":"about","status":"publish","type":"page","link":"https:\/\/radioamigosecuador.com\/RAR\/about\/","title":{"rendered":"Nosotros"},"content":{"rendered":"\n\n\n\n\n\n<h5>Quienes somos<\/p>\n<h1>Acerca de Radio Amigos<\/h1>\n<p>Nacimos en febrero del 2010, como una radio universitaria con el nombre de Radio Amigos, posteriormente se convierte en Radio Amigos Ecuador.<\/p>\n<p>Cuatro compa\u00f1eros catedr\u00e1ticos tuvimos la idea de desarrollar una estaci\u00f3n radial OnLine que se pueda escuchar con streaming en todo el mundo, y esta idea se hizo realidad y desde esa fecha hasta la actualidad venimos entregando una programaci\u00f3n para todos los g\u00e9neros, desde la m\u00fasica nacional en las madrugadas hasta los cl\u00e1sicos de los 70, 80 y 90 que nunca pasar\u00e1 de moda, en nuestros diferentes horarios las 24 horas y 365 d\u00edas del a\u00f1o.<\/p>\n<p>Nuestra misi\u00f3n es avanzar en sinton\u00eda a nivel del mundo y convertirnos en un referente de la radio OnLine.<\/p>\n\n\n\n\n\n\n\n<p><font dir=\"auto\" style=\"vertical-align: inherit;\"><font dir=\"auto\" style=\"vertical-align: inherit;\">En vivo para Radio Catedral Azogues<\/font><\/font><\/p>\n\n<h2>Tus anuncios aqu\u00ed<\/h2>\n\n\n\n<iframe loading=\"lazy\" src=\"https:\/\/open.spotify.com\/intl-es\/track\/6habFhsOp2NvshLv26DqMb\" width=\"100%\" height=\"81px\" frameborder=\"0\" allowtransparency=\"true\" allow=\"encrypted-media\"><\/iframe>\n<iframe loading=\"lazy\" src=\"https:\/\/open.spotify.com\/intl-es\/track\/3zaWfiINZKbYuZW6XMDk3t\" width=\"100%\" height=\"81px\" frameborder=\"0\" allowtransparency=\"true\" allow=\"encrypted-media\"><\/iframe>\n<iframe loading=\"lazy\" src=\"https:\/\/open.spotify.com\/intl-es\/track\/0duaVsPNOnGsTEtbUS9Cuv\" width=\"100%\" height=\"81px\" frameborder=\"0\" allowtransparency=\"true\" allow=\"encrypted-media\"><\/iframe>\n<iframe loading=\"lazy\" src=\"https:\/\/open.spotify.com\/intl-es\/track\/3UIENhLRdFIOuRan92cAQu\" width=\"100%\" height=\"81px\" frameborder=\"0\" allowtransparency=\"true\" allow=\"encrypted-media\"><\/iframe>\n<iframe loading=\"lazy\" src=\"https:\/\/open.spotify.com\/intl-es\/track\/7o9uu2GDtVDr9nsR7ZRN73\" width=\"100%\" height=\"81px\" frameborder=\"0\" allowtransparency=\"true\" allow=\"encrypted-media\"><\/iframe>\n<iframe loading=\"lazy\" src=\"https:\/\/open.spotify.com\/embed\/track\/1lO9CZo6eDrOy0S7khgryG\" width=\"100%\" height=\"81px\" frameborder=\"0\" allowtransparency=\"true\" allow=\"encrypted-media\"><\/iframe>\n<iframe loading=\"lazy\" src=\"https:\/\/open.spotify.com\/embed\/track\/7qiZfU4dY1lWllzX7mPBI3\" width=\"100%\" height=\"81px\" frameborder=\"0\" allowtransparency=\"true\" allow=\"encrypted-media\"><\/iframe>\n<iframe loading=\"lazy\" src=\"https:\/\/open.spotify.com\/intl-es\/track\/1Jwc3ODLQxtbnS8M9TflSP\" width=\"100%\" height=\"81px\" frameborder=\"0\" allowtransparency=\"true\" allow=\"encrypted-media\"><\/iframe>\n\n\n\n\n\n<h5>Equipo y presentador<\/p>\n<h1>Nuestros Protagonistas<\/h1>\n\n\n\n<p>M\u00fasica recargada<\/p>\n<h5>Wilson Smith JR.<\/h5>\n\n\n\n<p>Cl\u00e1sicos 70, 80 y 90<\/p>\n<h5>RJ Huzy(Sam Warne)<\/h5>\n\n\n\n<p>Noches de ternura<\/p>\n<h5>Emma Washington<\/h5>\n\n\n\n<p>DJ tropical<\/p>\n<h5>Sophie Turner<\/h5>\n\n\n\n\n\n\n<h2>Tus anuncios Aqu\u00ed<\/h2>\n\n\n\n\n<h5>Nuestros Testimonios<\/p>\n<h1>LO que dicen los oyentes<\/h1>\n\n\n\n\n\n\n\n\n","protected":false},"excerpt":{"rendered":"","protected":false},"author":1,"featured_media":0,"parent":0,"menu_order":0,"comment_status":"closed","ping_status":"closed","template":"","meta":{"pagelayer_contact_templates":[],"_pagelayer_content":"","footnotes":""},"class_list":["post-39","page","type-page","status-publish","hentry"],"_links":{"self":[{"href":"https:\/\/radioamigosecuador.com\/RAR\/wp-json\/wp\/v2\/pages\/39","targetHints":{"allow":["GET"]}}],"collection":[{"href":"https:\/\/radioamigosecuador.com\/RAR\/wp-json\/wp\/v2\/pages"}],"about":[{"href":"https:\/\/radioamigosecuador.com\/RAR\/wp-json\/wp\/v2\/types\/page"}],"author":[{"embeddable":true,"href":"https:\/\/radioamigosecuador.com\/RAR\/wp-json\/wp\/v2\/users\/1"}],"replies":[{"embeddable":true,"href":"https:\/\/radioamigosecuador.com\/RAR\/wp-json\/wp\/v2\/comments?post=39"}],"version-history":[{"count":31,"href":"https:\/\/radioamigosecuador.com\/RAR\/wp-json\/wp\/v2\/pages\/39\/revisions"}],"predecessor-version":[{"id":109,"href":"https:\/\/radioamigosecuador.com\/RAR\/wp-json\/wp\/v2\/pages\/39\/revisions\/109"}],"wp:attachment":[{"href":"https:\/\/radioamigosecuador.com\/RAR\/wp-json\/wp\/v2\/media?parent=39"}],"curies":[{"name":"wp","href":"https:\/\/api.w.org\/{rel}","templated":true}]}}

<h5>Quienes somos</p>
<h1>Acerca de Radio Amigos</h1>
<p>Nacimos en febrero del 2010, como una radio universitaria con el nombre de Radio Amigos, posteriormente se convierte en Radio Amigos Ecuador.</p>
<p>Cuatro compañeros catedráticos tuvimos la idea de desarrollar una estación radial OnLine que se pueda escuchar con streaming en todo el mundo, y esta idea se hizo realidad y desde esa fecha hasta la actualidad venimos entregando una programación para todos los géneros, desde la música nacional en las madrugadas hasta los clásicos de los 70, 80 y 90 que nunca pasará de moda, en nuestros diferentes horarios las 24 horas y 365 días del año.</p>
<p>Nuestra misión es avanzar en sintonía a nivel del mundo y convertirnos en un referente de la radio OnLine.</p>







<p><font dir="auto" style="vertical-align: inherit;"><font dir="auto" style="vertical-align: inherit;">En vivo para Radio Catedral Azogues</font></font></p>

<h2>Tus anuncios aquí</h2>



<iframe loading="lazy" src="https://open.spotify.com/intl-es/track/6habFhsOp2NvshLv26DqMb" width="100%" height="81px" frameborder="0" allowtransparency="true" allow="encrypted-media"></iframe>
<iframe loading="lazy" src="https://open.spotify.com/intl-es/track/3zaWfiINZKbYuZW6XMDk3t" width="100%" height="81px" frameborder="0" allowtransparency="true" allow="encrypted-media"></iframe>
<iframe loading="lazy" src="https://open.spotify.com/intl-es/track/0duaVsPNOnGsTEtbUS9Cuv" width="100%" height="81px" frameborder="0" allowtransparency="true" allow="encrypted-media"></iframe>
<iframe loading="lazy" src="https://open.spotify.com/intl-es/track/3UIENhLRdFIOuRan92cAQu" width="100%" height="81px" frameborder="0" allowtransparency="true" allow="encrypted-media"></iframe>
<iframe loading="lazy" src="https://open.spotify.com/intl-es/track/7o9uu2GDtVDr9nsR7ZRN73" width="100%" height="81px" frameborder="0" allowtransparency="true" allow="encrypted-media"></iframe>
<iframe loading="lazy" src="https://open.spotify.com/embed/track/1lO9CZo6eDrOy0S7khgryG" width="100%" height="81px" frameborder="0" allowtransparency="true" allow="encrypted-media"></iframe>
<iframe loading="lazy" src="https://open.spotify.com/embed/track/7qiZfU4dY1lWllzX7mPBI3" width="100%" height="81px" frameborder="0" allowtransparency="true" allow="encrypted-media"></iframe>
<iframe loading="lazy" src="https://open.spotify.com/intl-es/track/1Jwc3ODLQxtbnS8M9TflSP" width="100%" height="81px" frameborder="0" allowtransparency="true" allow="encrypted-media"></iframe>





<h5>Equipo y presentador</p>
<h1>Nuestros Protagonistas</h1>



<p>Música recargada</p>
<h5>Wilson Smith JR.</h5>



<p>Clásicos 70, 80 y 90</p>
<h5>RJ Huzy(Sam Warne)</h5>



<p>Noches de ternura</p>
<h5>Emma Washington</h5>



<p>DJ tropical</p>
<h5>Sophie Turner</h5>






<h2>Tus anuncios Aquí</h2>




<h5>Nuestros Testimonios</p>
<h1>LO que dicen los oyentes</h1>
